{"id":43,"date":"2022-01-23T21:49:04","date_gmt":"2022-01-23T20:49:04","guid":{"rendered":"http:\/\/www.freyer-didactics.de\/?page_id=43"},"modified":"2023-01-25T08:56:45","modified_gmt":"2023-01-25T07:56:45","slug":"home","status":"publish","type":"page","link":"https:\/\/www.freyer-didactics.de\/","title":{"rendered":"Home"},"content":{"rendered":"\n<h3 class=\"has-text-align-center wp-block-heading\">Aktuelles<\/h3>\n\n\n\n<figure class=\"wp-block-image size-large\"><a href=\"https:\/\/www.freyer-didactics.de\/wp-content\/uploads\/2022\/11\/20221108_125147-scaled.jpg\"><img loading=\"lazy\" decoding=\"async\" width=\"1024\" height=\"768\" src=\"https:\/\/www.freyer-didactics.de\/wp-content\/uploads\/2022\/11\/20221108_125147-1024x768.jpg\" alt=\"\" class=\"wp-image-232\" srcset=\"https:\/\/www.freyer-didactics.de\/wp-content\/uploads\/2022\/11\/20221108_125147-1024x768.jpg 1024w, https:\/\/www.freyer-didactics.de\/wp-content\/uploads\/2022\/11\/20221108_125147-300x225.jpg 300w, https:\/\/www.freyer-didactics.de\/wp-content\/uploads\/2022\/11\/20221108_125147-768x576.jpg 768w, https:\/\/www.freyer-didactics.de\/wp-content\/uploads\/2022\/11\/20221108_125147-1536x1152.jpg 1536w, https:\/\/www.freyer-didactics.de\/wp-content\/uploads\/2022\/11\/20221108_125147-2048x1536.jpg 2048w, https:\/\/www.freyer-didactics.de\/wp-content\/uploads\/2022\/11\/20221108_125147-1568x1176.jpg 1568w\" sizes=\"auto, (max-width: 1024px) 100vw, 1024px\" \/><\/a><figcaption class=\"wp-element-caption\">Pr\u00e4sentation vor den Referendarinnen und Referendaren  (NwT) des Seminar Karlsruhe an der p\u00e4dagogischen Hochschule Karlsruhe<\/figcaption><\/figure>\n\n\n\n<figure class=\"wp-block-image size-large\"><a href=\"https:\/\/www.freyer-didactics.de\/wp-content\/uploads\/2022\/11\/20220315_093049-scaled.jpg\"><img loading=\"lazy\" decoding=\"async\" width=\"1024\" height=\"768\" src=\"https:\/\/www.freyer-didactics.de\/wp-content\/uploads\/2022\/11\/20220315_093049-1024x768.jpg\" alt=\"\" class=\"wp-image-231\" srcset=\"https:\/\/www.freyer-didactics.de\/wp-content\/uploads\/2022\/11\/20220315_093049-1024x768.jpg 1024w, https:\/\/www.freyer-didactics.de\/wp-content\/uploads\/2022\/11\/20220315_093049-300x225.jpg 300w, https:\/\/www.freyer-didactics.de\/wp-content\/uploads\/2022\/11\/20220315_093049-768x576.jpg 768w, https:\/\/www.freyer-didactics.de\/wp-content\/uploads\/2022\/11\/20220315_093049-1536x1152.jpg 1536w, https:\/\/www.freyer-didactics.de\/wp-content\/uploads\/2022\/11\/20220315_093049-2048x1536.jpg 2048w, https:\/\/www.freyer-didactics.de\/wp-content\/uploads\/2022\/11\/20220315_093049-1568x1176.jpg 1568w\" sizes=\"auto, (max-width: 1024px) 100vw, 1024px\" \/><\/a><figcaption class=\"wp-element-caption\">Versuchsaufbau am Kant Gymnasium Karlsruhe<\/figcaption><\/figure>\n\n\n\n<p>Im Rahmen einer Wirksamkeitsanalyse f\u00fcr Sch\u00fclerlabore im Bereich Elektrotechnik entwickeln Steffen Beck und Johannes Freyer ein Sch\u00fclerlabor mit zwanzig Versuchsplatinen f\u00fcr das Fach Naturwissenschaft und Technik (<em>NwT<\/em>) am Kant-Gymnasium in Karlsruhe. Mithilfe einer Simulationsplatine wird die Steuerung einer zweistr\u00e4ngigen elektrischen Maschine (Schrittmotor) erarbeitet und an einem offenen Maschinenstand erprobt. <\/p>\n\n\n\n<figure class=\"wp-block-gallery has-nested-images columns-default is-cropped wp-block-gallery-1 is-layout-flex wp-block-gallery-is-layout-flex\">\n<figure class=\"wp-block-image size-large\"><a href=\"https:\/\/www.freyer-didactics.de\/wp-content\/uploads\/2022\/01\/IMG_0214-2-scaled.jpg\"><img loading=\"lazy\" decoding=\"async\" width=\"1024\" height=\"683\" data-id=\"65\" src=\"https:\/\/www.freyer-didactics.de\/wp-content\/uploads\/2022\/01\/IMG_0214-2-1024x683.jpg\" alt=\"\" class=\"wp-image-65\" srcset=\"https:\/\/www.freyer-didactics.de\/wp-content\/uploads\/2022\/01\/IMG_0214-2-1024x683.jpg 1024w, https:\/\/www.freyer-didactics.de\/wp-content\/uploads\/2022\/01\/IMG_0214-2-300x200.jpg 300w, https:\/\/www.freyer-didactics.de\/wp-content\/uploads\/2022\/01\/IMG_0214-2-768x512.jpg 768w, https:\/\/www.freyer-didactics.de\/wp-content\/uploads\/2022\/01\/IMG_0214-2-1536x1024.jpg 1536w, https:\/\/www.freyer-didactics.de\/wp-content\/uploads\/2022\/01\/IMG_0214-2-2048x1365.jpg 2048w, https:\/\/www.freyer-didactics.de\/wp-content\/uploads\/2022\/01\/IMG_0214-2-1568x1045.jpg 1568w\" sizes=\"auto, (max-width: 1024px) 100vw, 1024px\" \/><\/a><\/figure>\n\n\n\n<figure class=\"wp-block-image size-large\"><a href=\"https:\/\/www.freyer-didactics.de\/wp-content\/uploads\/2022\/01\/IMG_0227-8-scaled.jpg\"><img loading=\"lazy\" decoding=\"async\" width=\"1024\" height=\"683\" data-id=\"64\" src=\"https:\/\/www.freyer-didactics.de\/wp-content\/uploads\/2022\/01\/IMG_0227-8-1024x683.jpg\" alt=\"\" class=\"wp-image-64\" srcset=\"https:\/\/www.freyer-didactics.de\/wp-content\/uploads\/2022\/01\/IMG_0227-8-1024x683.jpg 1024w, https:\/\/www.freyer-didactics.de\/wp-content\/uploads\/2022\/01\/IMG_0227-8-300x200.jpg 300w, https:\/\/www.freyer-didactics.de\/wp-content\/uploads\/2022\/01\/IMG_0227-8-768x512.jpg 768w, https:\/\/www.freyer-didactics.de\/wp-content\/uploads\/2022\/01\/IMG_0227-8-1536x1024.jpg 1536w, https:\/\/www.freyer-didactics.de\/wp-content\/uploads\/2022\/01\/IMG_0227-8-2048x1365.jpg 2048w, https:\/\/www.freyer-didactics.de\/wp-content\/uploads\/2022\/01\/IMG_0227-8-1568x1045.jpg 1568w\" sizes=\"auto, (max-width: 1024px) 100vw, 1024px\" \/><\/a><\/figure>\n\n\n\n<figure class=\"wp-block-image size-large\"><a href=\"https:\/\/www.freyer-didactics.de\/wp-content\/uploads\/2022\/01\/IMG_0234-1-scaled.jpg\"><img loading=\"lazy\" decoding=\"async\" width=\"1024\" height=\"683\" data-id=\"66\" src=\"https:\/\/www.freyer-didactics.de\/wp-content\/uploads\/2022\/01\/IMG_0234-1-1024x683.jpg\" alt=\"\" class=\"wp-image-66\" srcset=\"https:\/\/www.freyer-didactics.de\/wp-content\/uploads\/2022\/01\/IMG_0234-1-1024x683.jpg 1024w, https:\/\/www.freyer-didactics.de\/wp-content\/uploads\/2022\/01\/IMG_0234-1-300x200.jpg 300w, https:\/\/www.freyer-didactics.de\/wp-content\/uploads\/2022\/01\/IMG_0234-1-768x512.jpg 768w, https:\/\/www.freyer-didactics.de\/wp-content\/uploads\/2022\/01\/IMG_0234-1-1536x1024.jpg 1536w, https:\/\/www.freyer-didactics.de\/wp-content\/uploads\/2022\/01\/IMG_0234-1-2048x1365.jpg 2048w, https:\/\/www.freyer-didactics.de\/wp-content\/uploads\/2022\/01\/IMG_0234-1-1568x1045.jpg 1568w\" sizes=\"auto, (max-width: 1024px) 100vw, 1024px\" \/><\/a><\/figure>\n\n\n\n<figure class=\"wp-block-image size-large\"><a href=\"https:\/\/www.freyer-didactics.de\/wp-content\/uploads\/2022\/01\/IMG_0236-scaled.jpg\"><img loading=\"lazy\" decoding=\"async\" width=\"1024\" height=\"683\" data-id=\"67\" src=\"https:\/\/www.freyer-didactics.de\/wp-content\/uploads\/2022\/01\/IMG_0236-1024x683.jpg\" alt=\"\" class=\"wp-image-67\" srcset=\"https:\/\/www.freyer-didactics.de\/wp-content\/uploads\/2022\/01\/IMG_0236-1024x683.jpg 1024w, https:\/\/www.freyer-didactics.de\/wp-content\/uploads\/2022\/01\/IMG_0236-300x200.jpg 300w, https:\/\/www.freyer-didactics.de\/wp-content\/uploads\/2022\/01\/IMG_0236-768x512.jpg 768w, https:\/\/www.freyer-didactics.de\/wp-content\/uploads\/2022\/01\/IMG_0236-1536x1024.jpg 1536w, https:\/\/www.freyer-didactics.de\/wp-content\/uploads\/2022\/01\/IMG_0236-2048x1365.jpg 2048w, https:\/\/www.freyer-didactics.de\/wp-content\/uploads\/2022\/01\/IMG_0236-1568x1045.jpg 1568w\" sizes=\"auto, (max-width: 1024px) 100vw, 1024px\" \/><\/a><\/figure>\n<\/figure>\n\n\n\n<figure class=\"wp-block-gallery has-nested-images columns-default is-cropped wp-block-gallery-2 is-layout-flex wp-block-gallery-is-layout-flex\">\n<figure class=\"wp-block-image size-large\"><a href=\"https:\/\/www.freyer-didactics.de\/wp-content\/uploads\/2022\/02\/IMG_0286-scaled.jpg\"><img loading=\"lazy\" decoding=\"async\" width=\"1024\" height=\"575\" data-id=\"144\" src=\"https:\/\/www.freyer-didactics.de\/wp-content\/uploads\/2022\/02\/IMG_0286-1024x575.jpg\" alt=\"\" class=\"wp-image-144\" srcset=\"https:\/\/www.freyer-didactics.de\/wp-content\/uploads\/2022\/02\/IMG_0286-1024x575.jpg 1024w, https:\/\/www.freyer-didactics.de\/wp-content\/uploads\/2022\/02\/IMG_0286-300x168.jpg 300w, https:\/\/www.freyer-didactics.de\/wp-content\/uploads\/2022\/02\/IMG_0286-768x431.jpg 768w, https:\/\/www.freyer-didactics.de\/wp-content\/uploads\/2022\/02\/IMG_0286-1536x862.jpg 1536w, https:\/\/www.freyer-didactics.de\/wp-content\/uploads\/2022\/02\/IMG_0286-2048x1150.jpg 2048w, https:\/\/www.freyer-didactics.de\/wp-content\/uploads\/2022\/02\/IMG_0286-1568x880.jpg 1568w\" sizes=\"auto, (max-width: 1024px) 100vw, 1024px\" \/><\/a><\/figure>\n\n\n\n<figure class=\"wp-block-image size-large\"><a href=\"https:\/\/www.freyer-didactics.de\/wp-content\/uploads\/2022\/02\/IMG_0291-scaled.jpg\"><img loading=\"lazy\" decoding=\"async\" width=\"1024\" height=\"575\" data-id=\"149\" src=\"https:\/\/www.freyer-didactics.de\/wp-content\/uploads\/2022\/02\/IMG_0291-1024x575.jpg\" alt=\"\" class=\"wp-image-149\" srcset=\"https:\/\/www.freyer-didactics.de\/wp-content\/uploads\/2022\/02\/IMG_0291-1024x575.jpg 1024w, https:\/\/www.freyer-didactics.de\/wp-content\/uploads\/2022\/02\/IMG_0291-300x168.jpg 300w, https:\/\/www.freyer-didactics.de\/wp-content\/uploads\/2022\/02\/IMG_0291-768x431.jpg 768w, https:\/\/www.freyer-didactics.de\/wp-content\/uploads\/2022\/02\/IMG_0291-1536x862.jpg 1536w, https:\/\/www.freyer-didactics.de\/wp-content\/uploads\/2022\/02\/IMG_0291-2048x1150.jpg 2048w, https:\/\/www.freyer-didactics.de\/wp-content\/uploads\/2022\/02\/IMG_0291-1568x880.jpg 1568w\" sizes=\"auto, (max-width: 1024px) 100vw, 1024px\" \/><\/a><\/figure>\n\n\n\n<figure class=\"wp-block-image size-large\"><a href=\"https:\/\/www.freyer-didactics.de\/wp-content\/uploads\/2022\/02\/IMG_0289-scaled.jpg\"><img loading=\"lazy\" decoding=\"async\" width=\"1024\" height=\"575\" data-id=\"148\" src=\"https:\/\/www.freyer-didactics.de\/wp-content\/uploads\/2022\/02\/IMG_0289-1024x575.jpg\" alt=\"\" class=\"wp-image-148\" srcset=\"https:\/\/www.freyer-didactics.de\/wp-content\/uploads\/2022\/02\/IMG_0289-1024x575.jpg 1024w, https:\/\/www.freyer-didactics.de\/wp-content\/uploads\/2022\/02\/IMG_0289-300x168.jpg 300w, https:\/\/www.freyer-didactics.de\/wp-content\/uploads\/2022\/02\/IMG_0289-768x431.jpg 768w, https:\/\/www.freyer-didactics.de\/wp-content\/uploads\/2022\/02\/IMG_0289-1536x862.jpg 1536w, https:\/\/www.freyer-didactics.de\/wp-content\/uploads\/2022\/02\/IMG_0289-2048x1150.jpg 2048w, https:\/\/www.freyer-didactics.de\/wp-content\/uploads\/2022\/02\/IMG_0289-1568x880.jpg 1568w\" sizes=\"auto, (max-width: 1024px) 100vw, 1024px\" \/><\/a><\/figure>\n<\/figure>\n\n\n\n<p><\/p>\n","protected":false},"excerpt":{"rendered":"<p>Aktuelles Im Rahmen einer Wirksamkeitsanalyse f\u00fcr Sch\u00fclerlabore im Bereich Elektrotechnik entwickeln Steffen Beck und Johannes Freyer ein Sch\u00fclerlabor mit zwanzig Versuchsplatinen f\u00fcr das Fach Naturwissenschaft und Technik (NwT) am Kant-Gymnasium in Karlsruhe. Mithilfe einer Simulationsplatine wird die Steuerung einer zweistr\u00e4ngigen elektrischen Maschine (Schrittmotor) erarbeitet und an einem offenen Maschinenstand erprobt.<\/p>\n","protected":false},"author":1,"featured_media":0,"parent":0,"menu_order":0,"comment_status":"closed","ping_status":"closed","template":"","meta":{"footnotes":""},"class_list":["post-43","page","type-page","status-publish","hentry","entry"],"_links":{"self":[{"href":"https:\/\/www.freyer-didactics.de\/index.php\/wp-json\/wp\/v2\/pages\/43","targetHints":{"allow":["GET"]}}],"collection":[{"href":"https:\/\/www.freyer-didactics.de\/index.php\/wp-json\/wp\/v2\/pages"}],"about":[{"href":"https:\/\/www.freyer-didactics.de\/index.php\/wp-json\/wp\/v2\/types\/page"}],"author":[{"embeddable":true,"href":"https:\/\/www.freyer-didactics.de\/index.php\/wp-json\/wp\/v2\/users\/1"}],"replies":[{"embeddable":true,"href":"https:\/\/www.freyer-didactics.de\/index.php\/wp-json\/wp\/v2\/comments?post=43"}],"version-history":[{"count":36,"href":"https:\/\/www.freyer-didactics.de\/index.php\/wp-json\/wp\/v2\/pages\/43\/revisions"}],"predecessor-version":[{"id":249,"href":"https:\/\/www.freyer-didactics.de\/index.php\/wp-json\/wp\/v2\/pages\/43\/revisions\/249"}],"wp:attachment":[{"href":"https:\/\/www.freyer-didactics.de\/index.php\/wp-json\/wp\/v2\/media?parent=43"}],"curies":[{"name":"wp","href":"https:\/\/api.w.org\/{rel}","templated":true}]}}